e factors of 433760915.
5, 7, 727, 17047
What are the prime factors of 40028163?
3, 7, 73, 26111
What are the prime factors of 373782852?
2, 3, 10382857
List the prime factors of 60462580.
2, 5, 3023129
What are the prime factors of 55952080?
2, 5, 699401
What are the prime factors of 22260696?
2, 3, 927529
List the prime factors of 235193926.
2, 11, 1093, 9781
What are the prime factors of 39937723?
7, 101, 56489
List the prime factors of 2822729892.
2, 3, 4969, 47339
List the prime factors of 141137366.
2, 17, 4151099
List the prime factors of 1013524606.
2, 506762303
What are the prime factors of 639029266?
2, 131, 2439043
List the prime factors of 410450997.
3, 11, 1130719
What are the prime factors of 2005806190?
2, 5, 541, 370759
List the prime factors of 1220919839.
1220919839
What are the prime factors of 46704474?
2, 3, 17, 152629
List the prime factors of 812390938.
2, 406195469
List the prime factors of 180538815.
3, 5, 12035921
What are the prime factors of 47835627?
3, 7, 53, 42979
What are the prime factors of 86003986?
2, 17, 2529529
What are the prime factors of 327285871?
11, 29753261
List the prime factors of 227054333.
11, 103, 200401
What are the prime factors of 171880058?
2, 7, 23, 31, 67, 257
List the prime factors of 75210289.
7, 11, 127, 7691
List the prime factors of 258632050.
2, 5, 17, 53, 5741
What are the prime factors of 262180154?
2, 17, 7711181
List the prime factors of 28713196.
2, 7178299
List the prime factors of 33542575.
5, 11, 283, 431
List the prime factors of 72805363.
72805363
What are the prime factors of 6280710607?
6280710607
List the prime factors of 264186169.
13, 653, 31121
List the prime factors of 59915467.
31, 62347
List the prime factors of 240721849.
19, 12669571
List the prime factors of 702650773.
11, 29, 149, 14783
List the prime factors of 396641265.
3, 5, 29, 911819
List the prime factors of 406918180.
2, 5, 20345909
What are the prime factors of 1492769004?
2, 3, 2477, 50221
List the prime factors of 952349659.
952349659
List the prime factors of 1636059421.
167, 563, 17401
List the prime factors of 1678767969.
3, 17, 109, 301991
List the prime factors of 18346217.
18346217
List the prime factors of 1506845812.
2, 67, 5622559
What are the prime factors of 273978824?
2, 7, 4892479
List the prime factors of 84731689.
7, 17, 587, 1213
What are the prime factors of 292892180?
2, 5, 7, 199, 10513
What are the prime factors of 106993788?
2, 3, 11, 19, 37, 1153
What are the prime factors of 6658495?
5, 1331699
What are the prime factors of 754538510?
2, 5, 11, 6859441
List the prime factors of 4312417.
4312417
What are the prime factors of 106221350?
2, 5, 131, 16217
List the prime factors of 3328438.
2, 983, 1693
What are the prime factors of 18856976?
2, 37, 53, 601
List the prime factors of 166242224.
2, 10390139
List the prime factors of 240011188.
2, 60002797
List the prime factors of 525725215.
5, 67, 1569329
List the prime factors of 1264859511.
3, 113, 1733, 2153
List the prime factors of 385420851.
3, 1087, 39397
What are the prime factors of 939814325?
5, 37592573
What are the prime factors of 61946724?
2, 3, 7, 223, 3307
List the prime factors of 30673027.
7, 11, 467, 853
What are the prime factors of 2381630892?
2, 3, 1697, 116953
What are the prime factors of 1813219513?
7, 23, 71, 127, 1249
List the prime factors of 3833091550.
2, 5, 3251, 23581
List the prime factors of 144792080.
2, 5, 1809901
List the prime factors of 5985641.
1433, 4177
List the prime factors of 2410353582.
2, 3, 7, 13, 71, 97, 641
What are the prime factors of 1218197654?
2, 19, 43, 745531
What are the prime factors of 5179393005?
3, 5, 1699, 203233
List the prime factors of 134259661.
134259661
List the prime factors of 259464159.
3, 113, 255127
List the prime factors of 625033470.
2, 3, 5, 31, 672079
What are the prime factors of 707424725?
5, 7, 4042427
What are the prime factors of 1324554872?
2, 12527, 13217
List the prime factors of 3148963292.
2, 37, 2797, 7607
What are the prime factors of 817840142?
2, 7, 19, 3074587
List the prime factors of 2291183672.
2, 4019, 71261
List the prime factors of 108536465.
5, 21707293
List the prime factors of 34041778.
2, 17020889
List the prime factors of 1995883320.
2, 3, 5, 16632361
List the prime factors of 7042410788.
2, 7, 251514671
What are the prime factors of 2587764220?
2, 5, 53, 577, 4231
List the prime factors of 1476512597.
7, 283, 745337
What are the prime factors of 4199657783?
4199657783
List the prime factors of 51145511.
19, 61, 44129
What are the prime factors of 1085698040?
2, 5, 7, 41, 94573
List the prime factors of 7101903160.
2, 5, 11, 59, 317, 863
What are the prime factors of 478859297?
7, 68408471
List the prime factors of 70759304.
2, 7, 11, 17, 29, 233
List the prime factors of 2718862842.
2, 3, 61, 7428587
What are the prime factors of 3179536273?
359, 2017, 4391
What are the prime factors of 867195491?
43, 71, 479, 593
List the prime factors of 51402330.
2, 3, 5, 7, 27197
List the prime factors of 972804172.
2, 5237, 46439
List the prime factors of 67734289.
7, 769, 12583
What are the prime factors of 1597003691?
34211, 46681
List the prime factors of 1315054833.
3, 89, 4925299
What are the prime factors of 24597674?
2, 17, 37, 19553
What are the prime factors of 3819752083?
7, 17, 73, 439709
What are the prime factors of 3175323984?
2, 3, 7, 1050041
What are the prime factors of 329323761?
3, 13, 2814733
What are the prime factors of 7380311?
7380311
List the prime factors of 115461985.
5, 233, 99109
List the prime factors of 556327446.
2, 3, 92721241
List the prime factors of 55200075.
3, 5, 7, 105143
What are the prime factors of 875620922?
2, 11, 103, 491, 787
List the prime factors of 41215299.
3, 37, 151, 2459
List the prime factors of 43007664.
2, 3, 7, 31, 4129
What are the prime factors of 7480962?
2, 3, 415609
What are the prime factors of 158616863?
29, 31, 53, 3329
What are the prime factors of 40663389?
3, 13, 113, 9227
What are the prime factors of 222050636?
2, 293, 189463
List the prime factors of 862775010.
2, 3, 5, 709, 4507
List the prime factors of 3969324161.
11, 360847651
List the prime factors of 2062289831.
7, 37, 563, 14143
List the prime factors of 16407270.
2, 3, 5, 11, 16573
What are the prime factors of 1596587185?
5, 37, 8630201
What are the prime factors of 780464577?
3, 17, 19, 43, 18731
List the prime factors of 715394914.
2, 13, 139, 15227
List the prime factors of 7035175325.
5, 281407013
What are the prime factors of 1357892267?
37, 419, 87589
List the prime factors of 1793881058.
2, 157, 487, 11731
List the prime factors of 3589715350.
2, 5, 13, 719, 7681
List the prime factors of 60186792.
2, 3, 613, 4091
List the prime factors of 31690882.
2, 709, 22349
List the prime factors of 982693497.
3, 661, 495559
What are the prime factors of 2416016253?
3, 7, 101, 487, 2339
What are the prime factors of 392026040?
2, 5, 7, 1400093
List the prime factors of 1458731.
107, 13633
What are the prime factors of 125638575?
3, 5, 1675181
What are the prime factors of 3013078650?
2, 3, 5, 73, 275167
List the prime factors of 112886183.
29, 3892627
What are the prime factors of 77064716?
2, 29, 61, 10891
List the prime factors of 745649639.
7, 127, 838751
What are the prime factors of 845734704?
2, 3, 17619473
List the prime factors of 735276175.
5, 293, 100379
What are the prime factors of 1236431966?
2, 7, 11, 59, 89, 139
List the prime factors of 27686789.
13, 2129753
List the prime factors of 2485056356.
2, 1201, 517289
What are the prime factors of 21975920?
2, 5, 53, 71, 73
What are the prime factors of 264016061?
47, 5617363
What are the prime factors of 8238671971?
17, 47, 10311229
What are the prime factors of 1874172258?
2, 3, 7, 14874383
What are the prime factors of 72770739?
3, 24256913
What are the prime factors of 1372158854?
2, 11, 5167, 12071
What are the prime factors of 416217523?
131, 673, 4721
What are the prime factors of 101414073?
3, 29, 307, 3797
What are the prime factors of 6561462?
2, 3, 1093577
What are the prime factors of 1146961926?
2, 3, 11, 5792737
What are the prime factors of 59478704?
2, 659, 5641
What are the prime factors of 8066647?
1361, 5927
What are the prime factors